89.
2215
Calculate the remainder when 3549973 is divided by 36224.
21
What is the remainder when 10332756 is divided by 69?
6
What is the remainder when 3912067 is divided by 64?
3
What is the remainder when 14848712 is divided by 17?
11
Calculate the remainder when 2733862205 is divided by 4928.
4925
What is the remainder when 4258663 is divided by 3854?
3847
What is the remainder when 973296 is divided by 88460?
236
What is the remainder when 42647337 is divided by 20?
17
Calculate the remainder when 464101776 is divided by 677.
674
What is the remainder when 15208687 is divided by 844927?
1
What is the remainder when 278136 is divided by 686?
306
What is the remainder when 19774972 is divided by 19774960?
12
Calculate the remainder when 15841 is divided by 682.
155
What is the remainder when 89789 is divided by 6404?
133
What is the remainder when 2806425 is divided by 682?
677
What is the remainder when 82948426 is divided by 2033?
2026
Calculate the remainder when 38497701 is divided by 4812210.
21
Calculate the remainder when 4102375 is divided by 540.
535
What is the remainder when 14692 is divided by 2446?
16
Calculate the remainder when 45452 is divided by 299.
4
Calculate the remainder when 276062 is divided by 2873.
254
Calculate the remainder when 3702832 is divided by 1234277.
1
Calculate the remainder when 36312472 is divided by 288.
280
What is the remainder when 259924 is divided by 17328?
4
Calculate the remainder when 5614137 is divided by 187.
23
Calculate the remainder when 73969 is divided by 36322.
1325
Calculate the remainder when 2456 is divided by 2196.
260
What is the remainder when 35321 is divided by 3335?
1971
What is the remainder when 191050 is divided by 459?
106
Calculate the remainder when 33295830 is divided by 2498.
2486
Calculate the remainder when 2670520 is divided by 86143.
87
What is the remainder when 229315 is divided by 728?
723
Calculate the remainder when 6258143 is divided by 1210.
23
What is the remainder when 61410541 is divided by 338?
335
What is the remainder when 9684265 is divided by 67?
18
Calculate the remainder when 159368 is divided by 19912.
72
What is the remainder when 202519 is divided by 437?
188
What is the remainder when 219668 is divided by 5229?
50
What is the remainder when 3926371 is divided by 19060?
11
What is the remainder when 188841 is divided by 762?
627
What is the remainder when 54474565 is divided by 1574?
1573
What is the remainder when 227305 is divided by 28382?
249
Calculate the remainder when 892425 is divided by 5039.
522
What is the remainder when 89239063 is divided by 28?
11
What is the remainder when 1784857 is divided by 12?
1
Calculate the remainder when 21190824 is divided by 300.
24
Calculate the remainder when 23337960 is divided by 438.
6
What is the remainder when 15380 is divided by 758?
220
Calculate the remainder when 903955 is divided by 19215.
850
Calculate the remainder when 5155092 is divided by 71.
66
Calculate the remainder when 894209 is divided by 28829.
510
What is the remainder when 3221767 is divided by 7?
3
What is the remainder when 133301 is divided by 412?
225
What is the remainder when 216324 is divided by 215613?
711
What is the remainder when 333372 is divided by 55185?
2262
What is the remainder when 13665 is divided by 13352?
313
What is the remainder when 1419 is divided by 567?
285
What is the remainder when 1204199 is divided by 228?
131
Calculate the remainder when 41996112 is divided by 9.
6
Calculate the remainder when 2835058 is divided by 1277.
118
Calculate the remainder when 4424254 is divided by 2306.
1346
Calculate the remainder when 23318265 is divided by 2323.
2314
What is the remainder when 1868796 is divided by 29?
7
What is the remainder when 3061718 is divided by 1409?
1370
Calculate the remainder when 11039484 is divided by 1839898.
96
What is the remainder when 1145055 is divided by 7111?
184
What is the remainder when 475432 is divided by 158473?
13
What is the remainder when 3409962 is divided by 1809?
1806
What is the remainder when 98851628 is divided by 45?
38
Calculate the remainder when 104180 is divided by 19793.
5215
What is the remainder when 378050 is divided by 1291?
1078
Calculate the remainder when 3073490 is divided by 2677.
294
What is the remainder when 6464528 is divided by 24?
8
What is the remainder when 39981 is divided by 4028?
3729
Calculate the remainder when 4450617 is divided by 43.
31
What is the remainder when 1427896 is divided by 99?
19
What is the remainder when 3144846 is divided by 2105?
2081
What is the remainder when 804597 is divided by 571?
58
Calculate the remainder when 47138752 is divided by 61.
26
Calculate the remainder when 28960089 is divided by 914.
913
Calculate the remainder when 323767 is divided by 107816.
319
What is the remainder when 26388 is divided by 1722?
558
What is the remainder when 357235 is divided by 119037?
124
What is the remainder when 112403 is divided by 1091?
30
Calculate the remainder when 1672656 is divided by 836296.
64
What is the remainder when 6194488 is divided by 1297?
16
What is the remainder when 1885774 is divided by 628589?
7
Calculate the remainder when 44743459 is divided by 65.
59
What is the remainder when 6336293 is divided by 6336292?
1
Calculate the remainder when 626824 is divided by 312349.
2126
What is the remainder when 49825 is divided by 536?
513
Calculate the remainder when 178376 is divided by 9378.
194
What is the remainder when 11389682 is divided by 2847419?
6
What is the remainder when 18858014 is divided by 73?
70
What is the remainder when 1834215 is divided by 6527?
128
What is the remainder when 254649 is divided by 36374?
31
What is the remainder when 11743430 is divided by 148651?
1
What is the remainder when 6136908 is divided by 91?
50
What is the remainder when 40105628 is divided by 265?
263
Calculate the remainder when 1089833 is divided by 951.
938
Calculate the remainder when 50313880 is divided by 8385644.
16
Calculate the remainder when 769114 is divided by 109873.
3
Calculate the remainder when 472596 is divided by 94371.
741
What is the remainder when 1570847 is divided by 5797?
5657
What is the remainder when 2591252958 is divided by 20?
18
Calculate the remainder when 51233445 is divided by 16892.
9
What is the remainder when 680751 is divided by 641?
9
What is the remainder when 538067 is divided by 49?
47
Calculate the remainder when 37999022 is divided by 37.
22
What is the remainder when 43853 is divided by 21267?
1319
Calculate the remainder when 20890511 is divided by 8796.
11
Calculate the remainder when 2394498 is divided by 1619.
1616
What is the remainder when 3001571 is divided by 153?
17
What is the remainder when 3434204 is divided by 4878?
92
Calculate the remainder when 28069 is divided by 4001.
62
What is the remainder when 29378 is divided by 727?
298
What is the remainder when 829244 is divided by 8210?
34
What is the remainder when 2823631 is divided by 534?
373
What is the remainder when 1717059 is divided by 53658?
3
Calculate the remainder when 2420721070 is divided by 183.
181
What is the remainder when 36171575 is divided by 1128?
1127
What is the remainder when 7061 is divided by 292?
53
Calculate the remainder when 1711014 is divided by 569986.
1056
Calculate the remainder when 623566907 is divided by 237.
236
Calculate the remainder when 1824148 is divided by 209.
205
What is the remainder when 93335 is divided by 18664?
15
What is the remainder when 1250363 is divided by 116?
115
What is the remainder when 1517999 is divided by 327?
65
Calculate the remainder when 21550721 is divided by 1077536.
1
What is the remainder when 1672254 is divided by 5612?
5490
Calculate the remainder when 112461 is divided by 229.
22
What is the remainder when 23527870 is divided by 261?
25
Calculate the remainder when 9032651 is divided by 56.
19
What is the remainder when 806245 is divided by 115062?
811
What is the remainder when 1227635 is divided by 2728?
35
What is the remainder when 5869190 is divided by 10067?
129
What is the remainder when 418567 is divided by 46485?
202
Calculate the remainder when 4739163 is divided by 1579667.
162
What is the remainder when 4278375 is 